ppose f = -q*g + g + 72, -4*f + 64 = u*g. What is the tens digit of g?
1
Let s be (-3 - (-4 - -1))*2/4. Let x(u) = -u + 50. Let k(f) = -f + 50. Let o(q) = 6*k(q) - 5*x(q). What is the units digit of o(s)?
0
What is the tens digit of 3588/(-104)*(0 + -18)?
2
Let l(n) = 2*n - 3*n + 24*n + 0*n. Let p be l(2). Suppose 0*g - 2*y - p = -2*g, 2*y = -2*g + 26. What is the tens digit of g?
1
Let o = 127 + -83. What is the tens digit of o?
4
Let q = 11468 + -7920. What is the units digit of q?
8
Let u = -15 + 28. Suppose 3*b = 4 - u. What is the tens digit of -3*((-43)/b)/(-1)?
4
Suppose 244*s - 267*s + 8050 = 0. What is the hundreds digit of s?
3
Let y = 979 + -485. What is the units digit of y?
4
Let r(c) = 3*c**3 - 3*c**2 - 20*c - 1. What is the hundreds digit of r(6)?
4
Suppose 0 = -3*m + 4*j + 12630, 4*m - 25*j = -24*j + 16827. What is the tens digit of m?
0
Suppose 3*n = -3*b + 41 - 14, 3*b - 27 = -n. Suppose 2*k - b = 1. Suppose -a + 33 = -4*h, -6*a + a = k*h - 165. What is the tens digit of a?
3
Suppose -8 = -2*g, -3*y + 2*g = -2*g - 41. Suppose 0 = -5*q + 4*m - 9*m + 35, -4*q + y = -5*m. Suppose -q*f = 13 - 223. What is the units digit of f?
5
Suppose 5*n + 0*b = -b + 524, n - b = 100. Let s = n + -55. What is the tens digit of s?
4
Let m = -93 - -147. Let u = -78 + m. What is the units digit of (-16)/u*(-153)/(-2)?
1
Let x = 5 + -10. Suppose 0 = -19*h + 152. Let w = x + h. What is the units digit of w?
3
Let q = -821 + 2092. What is the units digit of q?
1
Let n = -4366 + 6257. What is the units digit of n?
1
Suppose 298 = 5*z - 772. What is the units digit of z?
4
Suppose 0 = 290*i - 273*i - 5134. What is the tens digit of i?
0
Let h be (-9)/135*-2 + (-4)/30. Suppose h = -v - 8*q + 3*q + 141, -3*q = 0. What is the units digit of v?
1
Let j be (56/(-24))/(2/(-6)). Suppose -j*z = -8*z + 78. What is the tens digit of (-2)/(-8) - z/(-8)?
1
Let d = -98 + 93. What is the tens digit of 1/(16/(-114) + d/(-30))?
3
Let n(g) = 25*g - 10. Let j be n(-8). Let l = -145 - j. What is the units digit of l?
5
Suppose 2*m - 2 - 12 = -2*p, 2*p = 2*m + 18. Let w be (p/6)/(-2)*-18. Let b = 20 - w. What is the units digit of b?
8
Suppose 0 = 27*x - 76224 - 57993. What is the tens digit of x?
7
Suppose 2*y - 675 = 11*y. Let g = 133 + y. What is the tens digit of g?
5
Let r be (-6)/(-2) + 20/(-5). Let g be 18*r*(-4)/3. Let a = 67 - g. What is the tens digit of a?
4
Let n = -1776 - -3356. What is the thousands digit of n?
1
Suppose -96 = -7*y + 1024. What is the hundreds digit of y?
1
Suppose 98 + 3985 = 4*p + 3*u, 0 = -2*p + 5*u + 2061. What is the hundreds digit of p?
0
Let l(r) = 4*r**3 + r**2 - 1. Let f be l(1). Suppose -2*i + 9 = -b, b - 6*b = -f*i + 33. What is the tens digit of 41/i - (-6)/12?
2
Let a = 270 + 739. What is the units digit of a?
9
Let p(u) = 3*u + 7. Let v be 1 - 7*(0 + -1). What is the tens digit of p(v)?
3
Suppose 152 = 2*b + 2. What is the units digit of b*((-20)/6 - -4)?
0
Let y = -18 + 40. Suppose -6*m = -266 - y. What is the tens digit of m?
4
Suppose t - 113 = -0*t + 3*y, 0 = 2*t - y - 211. What is the tens digit of t?
0
Suppose -2*x - 2 = 4, 0 = -5*m + 3*x + 4. Let q be (m/(-1))/((-17)/(-68)). Suppose 2*b = q*c + 44, 4*b + 6*c = c + 36. What is the units digit of b?
4
Suppose -5*r = 2*r - 6895. What is the hundreds digit of r?
9
Suppose 2*a = 5*a - 15. Suppose a*o - 1008 = 4*s, 0*o - 2*s = 4*o - 796. What is the units digit of o?
0
Let k be -1 - (2 + 86/(-2)). Suppose -k = 3*j + 2*j - 5*g, -5*j = g + 34. What is the tens digit of j/21*42*-1?
1
Let y be (12/(-9))/((-1)/(-9)). What is the units digit of (-1902)/(-24) + 3/y?
9
Suppose -5*b - 1 = 4*z, -3*z + 4*z = 2*b + 3. What is the hundreds digit of 67/4*(b - 26/(-2))?
2
What is the tens digit of (0 - 45/10)/(9/(-7806))?
0
Let h(i) = 7*i - 14. Let p be h(2). Suppose v - l - 236 = p, 0 = v - 4*v + 2*l + 713. What is the hundreds digit of v?
2
Let t(k) = 13*k + 2*k**2 + 12 + 0 - 31. What is the hundreds digit of t(8)?
2
Let j = 469 - 28. Suppose -5*i - j = -8*i. What is the hundreds digit of i?
1
Suppose -20*s = -16*s - 296. Let q = 189 + s. What is the hundreds digit of q?
2
Suppose -5*s + 69 = 5*a - 3*a, -5*s - 120 = -5*a. Let u = -12 + a. Let b = u + -8. What is the units digit of b?
7
Let p be 17/(-3) + (-1)/3. Suppose -3*q + 7*q - 2 = -3*w, 0 = -5*q - 5*w. What is the tens digit of (q/p)/(7/(-567))?
2
Let g be -5*((-108)/(-20) + -2 + -4). Let a(q) = q**3 - q**2 + 2*q. Let f be a(3). Suppose y - g - f = 4*k, 4*y = -k + 193. What is the units digit of y?
7
Let d(p) = 14*p**2 - 9*p + 2 + 12 + 2*p**2 + 14*p. What is the hundreds digit of d(-3)?
1
Let l(a) be the second derivative of a**4/4 + a**3/3 + 7*a**2 - 45*a. What is the tens digit of l(5)?
9
Suppose 0 = 30*i - 11*i - 21432. What is the units digit of i?
8
Suppose 0 = 5*a - 15 + 35. What is the tens digit of 19/(a*(-4)/48)?
5
Let x(u) = -2*u**2 + 16*u + 14. Let p(w) = -3*w**2 + 31*w + 27. Let t(m) = -3*p(m) + 5*x(m). What is the tens digit of t(-8)?
2
Let p = -61 + 137. Suppose 75*d - p*d = -65. What is the tens digit of d?
6
Let r = -34 - -36. What is the units digit of (-3)/r + 369/18?
9
Let b = -18 - -23. Suppose -n = -b*i - 38, 3*n - 101 = 3*i + 49. What is the units digit of n?
3
Suppose -516 = 3*d - 1746. What is the tens digit of d?
1
Let h be 8*(3 + -1 - (-9)/(-3)). What is the tens digit of 2/h - 4804/(-32)*2?
0
Suppose -2*l + 2 = 0, 2*t - 153 = -t - 3*l. Suppose -182 + t = -4*w. Suppose -4*j + w = -3. What is the units digit of j?
9
Let o = 695 - 551. What is the units digit of o?
4
Suppose 4*r - 1437 - 951 = 0. What is the hundreds digit of r?
5
Let f(o) = -o**2 - o + 270. Let v be f(0). Let m = 400 - v. What is the units digit of m?
0
Let p = -15 + 29. Let q = -7 + p. What is the units digit of q?
7
Let v(w) be the second derivative of w**4/12 + w**3/3 - w**2 + 9*w. What is the units digit of v(13)?
3
Let v = 434 - 342. What is the tens digit of v?
9
What is the thousands digit of 336/(-56) + 1227 + -2?
1
Let z = 51 + -10. Let d = 75 - 97. Let h = z + d. What is the tens digit of h?
1
Let x(y) be the first derivative of -11*y**2/2 + 4*y + 2. Let u be x(-4). Let j = -21 + u. What is the units digit of j?
7
Let r = -417 - -222. Let i = 344 + r. What is the hundreds digit of i?
1
Let z(p) = -20*p - 7. Let q(w) = -30*w - 10. Let u(s) = -5*q(s) + 7*z(s). What is the units digit of u(9)?
1
Let y be 5*-1*6/10. Let m be (y - -4)*(9 + -1). Suppose -3*t = -m*t + 135. What is the units digit of t?
7
Let a(w) = 10 - 2*w - 77*w**2 + w**3 + 70*w**2 + w. Let j be a(7). Suppose -p = -2*p + j*x + 39, 5*p = -3*x + 105. What is the units digit of p?
4
Suppose -3*d = l - 2, 5*d - 3*d + 64 = 4*l. Let x be (-63)/l + (-3)/(-2). Let q(b) = -2*b**3 - 2*b**2 + 3*b + 7. What is the units digit of q(x)?
4
What is the units digit of (-4 + 422)/(3/6)?
6
Let s be -1*(4 + -7 - -2). Suppose -27 = 4*f - 3*q, 3*f + 2*q - s = -0. What is the units digit of f - ((-6)/3 - 13)?
2
Suppose -3*c - 3975 = -2*a, 9*a - 4*a - 9931 = c. What is the tens digit of a?
8
Let b(h) = 60 - 60 + 3*h. Let z be b(1). Suppose -z*q + 23 = p - 0, -p - 5*q = -27. What is the tens digit of p?
1
Let p(j) be the first derivative of j**3/3 - 6*j**2 - j + 21. What is the units digit of p(19)?
2
Let v(j) be the second derivative of -10*j + 24*j**2 - 1/3*j**3 + 0. What is the units digit of v(0)?
8
Let r be -1 + (-2)/(-1) + 1. Suppose 0 = -r*g, -w + g = -4*g + 52. Let b = -24 - w. What is the units digit of b?
8
Let j(b) be the third derivative of b**5/60 + 5*b**4/24 + b**3/6 - 12*b**2. What is the units digit of j(4)?
7
Suppose -4*l - l + 20 = 0. Suppose l*c - 32 = -m + 18, 2*m - 79 = -c. What is the tens digit of m?
3
Suppose s + 2*s = -5*w + 223, -w - s + 43 = 0. Let p = -310 + 278. Let v = p + w. What is the tens digit of v?
1
Suppose 0*s + 3*f = s - 251, -5*s + 1297 = -f. Suppose -5*c + 0*c - 5*r = -s, -2*r + 214 = 4*c. Let t = 85 - c. What is the tens digit of t?
3
Let w(m) = -10*m**3 + 6*m**3 - 3 + 3*m**2 + m + 3*m**3. Let s be w(3). Suppose -4*j = -s*j - 32. What is the units digit of j?
8
Let j(t) = -5*t**2 + 20*t**2 + 11*t + t**3 - 7 - 5*t**2. Let l be j(-8). Suppose -2*o = -3*n + 51, 2*o + 8 - l = -n. What is the tens digit of n?
1
Suppose 0 = -4*q - 5*x + 45, 54 = -q + 5*q